rs of y?
11
Suppose -3*h + 7*h = 2*b + 410, -4*h - 2*b + 398 = 0. Suppose 5*t = -4*j + 478, -571 = -4*j - t - h. What are the prime factors of j?
3, 13
Let d(f) = f**2 + 534. What are the prime factors of d(0)?
2, 3, 89
Suppose 2*c - 12 = -2*c. Suppose 3*r + 28 = -5*p + 83, 5*r - c*p - 137 = 0. What are the prime factors of r?
5
Suppose 0 = -4*i - 16, 134 = 5*n + 2*i + 2*i. Suppose 0 = -m + 82 - n. List the prime factors of m.
2, 13
Let h = 898 - 303. List the prime factors of h.
5, 7, 17
Let g be (4 - 94/7)*-7. Let m be (g/8)/((-6)/(-16)). Suppose -15 = -i + 3*q, 2*i + q - m = 15. What are the prime factors of i?
2, 3
Suppose 3*w + 2*q - 737 = 2191, 5*q = 0. List the prime factors of w.
2, 61
Let v(j) = j**2 - 2*j + 3. Let y be v(2). Let s(q) = 4 - 2*q**2 + 0*q**2 + q + y*q**2 + 1. What are the prime factors of s(-6)?
5, 7
Let f = 151 + 477. What are the prime factors of f?
2, 157
Suppose -u + 120 = 4*u. Suppose -g = 2*q + 4, g - u = 4*q + q. Suppose 110 + 90 = g*w. List the prime factors of w.
2, 5
Let r be 8/(3/24 + 0). Suppose -3*w + 4*z = -79, 5*z = -2*w - 2*w + r. What are the prime factors of w?
3, 7
What are the prime factors of 72202/208 - 2/16?
347
Suppose -5*m + 3*m = -k + 92, 2*m - 260 = -3*k. Suppose f + 7 = -l + 33, 3*f = 2*l + k. List the prime factors of f.
2, 7
Suppose -3*z + 2*v + 308 = 0, -2*z + 103 = -z - v. Let n = -17 - -17. Suppose -3*o + 0*o + z = n. List the prime factors of o.
2, 17
Suppose 7*m - w = 4*w + 5172, -2*w = -5*m + 3699. List the prime factors of m.
3, 13, 19
Suppose 2*m - 34 = -4*t, 2*t + 53 = 7*t - m. Suppose t*u + 2288 = 18*u. What are the prime factors of u?
2, 11, 13
Suppose 4*b - t - 107 = 0, 4*b - 42 = -t + 59. List the prime factors of b.
2, 13
Let y(m) = -11*m - 3. Let k(v) = 45*v + 14. Let t(g) = -2*k(g) - 9*y(g). Let x = -3 - -6. What are the prime factors of t(x)?
2, 13
What are the prime factors of (21/14 + -2)*-1560?
2, 3, 5, 13
Let r(v) = -8*v**2. Let t be r(1). Let w(u) = 8 + 4*u**2 - 9*u + 11*u**2 - 16*u**2. List the prime factors of w(t).
2
Let v(x) = 114*x + 124. List the prime factors of v(6).
2, 101
Suppose -2*t - 5*s - 6 = -21, -3*t + 5*s = -10. Suppose -5*g + 568 = t*x + 133, -2*g + 198 = -4*x. What are the prime factors of g?
7, 13
Suppose 22 + 3 = 5*w. Suppose w*r - 228 = -f, 2*f - 7*f + 1062 = -r. List the prime factors of f.
3, 71
Suppose -4*i + 25 = i. Suppose -252 = -2*n + 2*h + 120, 0 = -n - i*h + 168. What are the prime factors of n?
3, 61
Suppose -50*b + 76 = -48*b. Let h be (-12)/(-16) + 317/4. Suppose b = 2*m - h. What are the prime factors of m?
59
Let t = 16 - 9. Suppose 0 = -t*w - w + 1104. What are the prime factors of w?
2, 3, 23
Suppose 5*j = -5*o + 4*j + 8855, 5291 = 3*o + 5*j. List the prime factors of o.
2, 443
What are the prime factors of ((-48)/(-3))/(1 - 39/45)?
2, 3, 5
Let c(a) = 155*a**2 + 33*a - 3. What are the prime factors of c(-4)?
5, 7, 67
Let y(s) = -5*s**2 - 3*s. Let i(d) = -d + 5. Let w be i(4). Let j(b) = -b**2. Let o(p) = w*y(p) - 6*j(p). List the prime factors of o(6).
2, 3
Let s(m) = -m**2 + 13*m - 15. Suppose 3*f - 16 = 2*w + 8, -3*f + 21 = -w. What are the prime factors of s(f)?
3
Suppose 0 = 6*k - 96 + 18. List the prime factors of k.
13
Let y(z) = z**3 - 5*z**2 - 5*z + 4. Let r be y(6). List the prime factors of ((-138)/r)/(7/(-35)).
3, 23
Let n = 20 - -116. Suppose t + t = n. List the prime factors of t.
2, 17
Suppose -4*f = -4*h - 197 + 1621, -4*f + 346 = h. What are the prime factors of h?
2, 3, 59
Let o = 3522 + 387. What are the prime factors of o?
3, 1303
Let u(z) = 10*z + 115. List the prime factors of u(17).
3, 5, 19
Let u(b) = 3*b - 6. Let v(g) = -2*g**2 - 10*g - 2. Let t be v(-5). Let m be (-6)/(-1) + t/(-1). What are the prime factors of u(m)?
2, 3
List the prime factors of (11 - -7)*(-2250)/(-12).
3, 5
Let d(r) be the third derivative of r**6/24 - r**5/12 + r**4/6 - r**3/2 + 17*r**2. List the prime factors of d(3).
3, 11
Suppose 0*x = x + 3. Let s be 1 + x + 2 + 66. Let r = s - 42. What are the prime factors of r?
2, 3
What are the prime factors of (-1478)/(-5) + -9*(-1)/(-15)?
5, 59
Let u = 15 - 24. List the prime factors of (144/(-28))/(u/42).
2, 3
Let d(v) = v**2 + 8*v + 4. Let q be d(-4). Let n be (-4)/16 + (-51)/q. Suppose -n*s - 5 + 81 = 0. What are the prime factors of s?
19
Let o = -291 - -485. List the prime factors of o.
2, 97
Suppose 0 = 2*h - 62 + 26. What are the prime factors of (-616)/(-6) - 1 - (-6)/h?
2, 3, 17
Suppose -x = m - 2*x + 96, -x + 399 = -4*m. Let h(y) = 4*y**2 - 15*y + 27. Let o be h(8). Let l = m + o. What are the prime factors of l?
2, 31
What are the prime factors of (3/(-18)*-3)/(2/3764)?
941
Suppose 0 = -7*l + 6*l + 1, 3*l - 49 = -u. Suppose 16*a - 15*a = u. What are the prime factors of a?
2, 23
List the prime factors of -1*13 - (9 + -2574).
2, 11, 29
Let k(g) = g**3 + 19*g**2 - 21*g + 37. What are the prime factors of k(12)?
7, 607
Let k(r) = -49*r + 27. Let x be k(-5). Let j = 475 - x. What are the prime factors of j?
7, 29
Let a = 1021 - 821. List the prime factors of a.
2, 5
Let t be (-10*10/(-125))/((-1)/(-5)). List the prime factors of -143*(t/(-6) + (-8)/6).
2, 11, 13
Let n be ((-232)/12)/((-12)/(-306)). Let j = 778 + n. List the prime factors of j.
3, 5, 19
Let a(z) = 5*z**2 - 1. Let x be a(1). Suppose -x*b - 55 = b. Let n = 27 + b. List the prime factors of n.
2
Suppose -31*n = -32*n - 14. Let j be 5 - 2 - (9 + n). Suppose 3*f - 15 = 0, -4*f + 0 = -4*w - j. List the prime factors of w.
3
Let g(w) = w**2 + 21*w - 9. Let p be g(-21). Let d(a) = a**2 + 6*a - 1. List the prime factors of d(p).
2, 13
Suppose -11 = -3*l + 2*y - 0*y, 3 = l - y. Suppose -n + l*x = x - 5, 2*n - 5*x = 19. Suppose 4*d = n + 39. What are the prime factors of d?
2, 7
Let k(y) = -4*y**3 + 3*y**2 + 5*y + 6. Let x be k(-2). Suppose -42*g = -x*g - 148. What are the prime factors of g?
2, 37
Let m(k) = -k**3 + 2*k**2 + 400. Let x be m(0). Suppose -x = -6*a - 2*a. What are the prime factors of a?
2, 5
Let i = 111 - 100. Suppose -47 = -2*r + i. What are the prime factors of r?
29
Suppose -4*y - 1 = -17. Suppose -y*m - 4*w - w = 18, 4*w - 15 = m. Let g = 46 - m. What are the prime factors of g?
53
Suppose 336 = -0*l + 2*l. Suppose 3*h - 372 = l. Suppose -4*s - s = -h. What are the prime factors of s?
2, 3
Suppose -l + 25 = -5*q, -177 + 25 = -5*l - 2*q. Suppose 7*n - l - 40 = 0. What are the prime factors of n?
2, 5
Let x be ((30 - 4)*-1)/(-2). Let p(q) = -q**2 + 11*q + 19. Let h be p(x). Let m = h + 11. List the prime factors of m.
2
Suppose -r - 3 = 0, -j - 5*r + 380 = -9*r. What are the prime factors of j?
2, 23
Let z(a) = -8*a**3 - 8*a**3 - a**2 + 17*a**3 + 20*a**3. Let g be z(-1). What are the prime factors of 4/g - 1206/(-99)?
2, 3
Let y(a) be the second derivative of -a**4/12 - 7*a**3/2 + 15*a**2/2 + 8*a. What are the prime factors of y(-9)?
3, 41
Let a be -4*((-25)/10)/(1/(-2)). Let u = 13 - a. List the prime factors of u.
3, 11
Let p(i) = 5*i**3 + 7*i**2 + 8*i - 6. Let j(h) = -14*h**3 - 21*h**2 - 23*h + 17. Let a(n) = -6*j(n) - 17*p(n). What are the prime factors of a(5)?
2, 3, 5
Suppose -4*k + 16*y - 14*y = -16, 4*k - 4 = -y. What are the prime factors of 42 + 16 - ((0 - k) + 0)?
2, 3, 5
Suppose -6*r = -81 + 51. Suppose 5*t = r*g + 30, 5*t + 0*g - 32 = 4*g. List the prime factors of t.
2
Suppose -241 + 1257 = 3*t - 2*g, -2*g = -5*t + 1688. List the prime factors of t.
2, 3, 7
Suppose -3*h + 43 - 31 = 0. List the prime factors of (h/6)/(4/84).
2, 7
Let p(g) = g**3 + g**2 + g - 71. Let q be p(0). Let k be (2/2*q)/(-1). Suppose u - 29 = -4*y, -3*u - 3*y + k = -7*y. What are the prime factors of u?
5
Suppose 3*i - z - 3331 = 0, 4*i + 2*z - 4*z = 4438. Suppose -i + 244 = -7*c. What are the prime factors of c?
2, 31
Let k(b) = -b**2 - 9*b. Let z be k(-9). Suppose z = -p + 2*p - 23. Suppose -5*m - p + 188 = 0. What are the prime factors of m?
3, 11
Let r(a) = -a**2 - 7*a - 4. Let q be r(-6). Suppose -q*p = 0, 4*d + 4*p + 24 = 164. What are the prime factors of d?
5, 7
Suppose y = -0 - 6. Suppose 0 - 12 = -4*z, -12 = -a - 2*z. List the prime factors of 116/a*y/(-4).
29
Let m be 141/15 + 2/(-5). Let h = 75 - m. What are the prime factors of h?
2, 3, 11
Let d(z) = 3*z**2 + 11*z + 2. Let l be d(10). Let f = 695 - l. List th